et v be r(9). Let b = v - 13. Determine x(b).
-5
Let o(q) = -3*q - 6. Let w be o(-4). Let l(v) = 2*v + 3. Calculate l(w).
15
Suppose -4*o = -1 - 23. Suppose o*p - 1 = 7*p. Let l(a) = -a - 1. Let h(f) = 18*f + 21. Let n(g) = -2*h(g) - 42*l(g). Calculate n(p).
-6
Let x(a) = 5*a**3 - 9*a**2 + 4*a + 1. Let n(w) = -4*w**3 + 8*w**2 - 4*w - 1. Let b(y) = -4*n(y) - 3*x(y). Determine b(4).
1
Suppose 2*z = -3*s, z + 3*z + s = 20. Suppose -3*n = -2*d + z, -n = -1 + 3. Let o(k) be the third derivative of -k**5/60 - 5*k**3/6 - 8*k**2. Determine o(d).
-5
Let d(k) = -2*k**3 + 3*k**2 - 2*k + 3. Let n be ((-12)/(-27))/(8/36). Give d(n).
-5
Let v(s) = s**2 + 3*s - 5. Let k be 10*-1*2/(-5) + -8. Determine v(k).
-1
Suppose 2*n - 5*n = o - 25, -n + 4*o - 9 = 0. Let x(c) = c**2 - 8*c + 6. Determine x(n).
-1
Let t(v) = 12*v**2 - v + 3. Let d(l) = -12*l**2 + l - 2. Let c(q) = 3*d(q) + 2*t(q). Give c(1).
-11
Let a(l) = 2*l**2 - 1. Suppose 15*v + 10 = 10*v. Determine a(v).
7
Let v(b) = -b**2 + 2*b + 4. Suppose 0 = t - 11 - 4. Suppose 5*u + 15 = -5*p, 5*p + u + 0*u + t = 0. What is v(p)?
-11
Let m(q) = q**3 + 6*q**2 + 2*q + 14. Let w be m(-6). Let v(t) be the second derivative of 0*t**4 + 0 - 1/3*t**3 + 1/20*t**5 + t - 1/2*t**w. Calculate v(-1).
0
Let y be (-1)/((-3)/3)*3. Suppose -5*l = -2*l - y. Let w(h) = 2*h**2 - 8*h**3 + 6 - 6 - h. What is w(l)?
-7
Let z(l) = -7*l - 5. Let h(q) = -5 - 3*q + 3 - 1 + 1. Let c(j) = -10*h(j) + 4*z(j). Determine c(4).
8
Let h(g) = 11*g**2 + g - 7*g**2 - 4*g - g**3 - 7*g**2. Give h(-2).
2
Let r(g) = 5 + 0*g + g - 4 - g**2 - g**2. Calculate r(-1).
-2
Let n(b) = -b - 2. Let f be n(-6). Let x = f - 5. Let p(v) = 2*v**2 - 1. Give p(x).
1
Suppose 4*n - 13 - 11 = 0. Suppose 0 = n*v - v - 10. Let s(c) = -c - c**v + 0 + 0. Determine s(2).
-6
Let x = -4 - -6. Let i(f) = -f + 1. Give i(x).
-1
Let a(l) = 2*l + 8*l - 3*l - 8*l - 3. Calculate a(-7).
4
Let o(a) = a**2 + 4*a - 1. Let w = 22 - -1. Suppose 0 = 4*x + w - 3. Give o(x).
4
Let a(s) = s**2 - 2*s - 3. Let y(u) = 5 - u + 2 - 8 + 9. Suppose 3*q = 8 + 7. Let t be y(q). Determine a(t).
0
Let w = 7 + -4. Suppose 4*r - 19 + 7 = 0. Let z(g) = -3 - 3*g**2 - 3*g + 5*g**2 - 4*g**2 + r*g**2. What is z(w)?
-3
Let o = 21 + -19. Let m(c) = -c**2 + 6*c - 5. Let y(z) = -2*z**2 + 9*z - 7. Let d(t) = -7*m(t) + 5*y(t). What is d(o)?
-6
Let y(r) = -2 - 3 - 3*r**2 + 9*r - r**2 - 3. Let x(g) = 9*g**2 - 19*g + 17. Let d = 12 + -19. Let s(w) = d*y(w) - 3*x(w). Calculate s(4).
-3
Suppose r - 5*b + 0*b = -20, 2*r = -3*b + 12. Suppose -5*j = 10, -5*l + 3*j = -r*l - 16. Let c = l - -2. Let m(h) = -h**2 + 4*h + 2. Determine m(c).
2
Suppose 0*x + 4 = 2*x. Let q(l) = 0*l**2 + x + 2 - l**2 - 11 - 4*l. Calculate q(-5).
-12
Let c(u) = 2*u**3 + 1. Let j be c(1). Let n(w) = -2 + 5 + 4*w - 3 + j. Give n(-3).
-9
Let u(y) = -2*y - 18. Let c be u(-9). Let f(a) = a**2 - a - 2. Give f(c).
-2
Let p be 0*(1 - (-4)/(-6)). Let l = -5 + p. Let i(n) = -n. Determine i(l).
5
Let b(l) = 2*l + 10 + 12 - 15. Give b(-5).
-3
Let u(y) be the second derivative of y**3/3 + 9*y**2/2 - y. Give u(-7).
-5
Let r(b) = 13*b + 7. Let j(t) = 6*t + 3. Let v(o) = -9*j(o) + 4*r(o). Let u = -2 - 1. Determine v(u).
7
Suppose 0 = 8*f - 4*f - 12. Let w(k) = -3*k**2 + 0*k**f + 2 + k + k**3 + 0*k**3. What is w(3)?
5
Let p(t) = t**2 - t - 1. Let s be (-4)/10 - 54/(-10). Suppose s*r - 2 = -7. Give p(r).
1
Let y(j) = -4*j**3 - 7*j**2 + 5*j. Let n(k) = 5*k**3 + 8*k**2 - 4*k + 1. Let v(w) = -3*n(w) - 4*y(w). What is v(-5)?
12
Let y(n) = 22*n**3 - n**2 - n - 1. Let i(p) = -p**3 + 4*p**2 + 6*p - 6. Let q be i(5). Determine y(q).
-23
Let c be 4/12 - (-68)/12. Let g(d) = -5 + c*d - 5*d**2 + 4*d**2 + 2*d. What is g(6)?
7
Let p(u) = u**3 - 4*u**2 + 3*u + 3. Let z(c) = -c**3 + 21*c**2 - c + 24. Let g be z(21). Determine p(g).
3
Let g be ((-15)/(-20))/(3/8). Let u(q) be the second derivative of -g*q + 0 - 1/2*q**3 + 0*q**2. Give u(-1).
3
Let q(s) = 3*s**3 - 25*s**2 - 7*s - 13. Let k(h) = -2*h**3 + 17*h**2 + 5*h + 9. Let t = -2 + -5. Let l(v) = t*k(v) - 5*q(v). Give l(6).
2
Let n(g) = -2*g**2 - 6*g - 1. Let a(z) = -4*z**2 + 6*z + 6. Let c be a(-1). Calculate n(c).
-9
Let a(l) = -3*l. Let m(u) = 10*u + 1. Let p(v) = 7*a(v) + 2*m(v). Give p(-4).
6
Let u(b) be the third derivative of -b**6/120 - b**5/20 + b**4/12 + b**3/6 + 4*b**2. Calculate u(-3).
-5
Let m(t) = 2*t - 10. Let z(u) = u - 5. Let j(l) = -2*m(l) + 5*z(l). What is j(6)?
1
Let x(k) be the first derivative of -k**3/3 + 5*k**2/2 - 5*k - 1. Let j = -4 - -8. Calculate x(j).
-1
Suppose 44 = -2*v - 2*v. Let p = v + 6. Let c(g) = g**3 + 5*g**2 + 5. Calculate c(p).
5
Let x(w) = w**2 - 9*w + 5. Let k be (3/2)/(9/36). Determine x(k).
-13
Let s(q) be the third derivative of q**4/24 - 17*q**3/6 + 10*q**2. Calculate s(8).
-9
Let h(s) = 4*s**3 - 3*s**3 + s - 5*s**3 + s**3. Let p(x) = x**3 + 5*x**2 + 4*x + 1. Suppose 0 = -3*b - 18 + 6. Let a be p(b). Determine h(a).
-2
Let l(m) = -m. Let x(w) be the third derivative of w**6/120 + 7*w**5/60 - 7*w**4/24 + 11*w**3/6 + w**2. Let r be x(-8). Determine l(r).
-3
Let v(q) = 2*q**3 + 14*q**2 + 10*q + 7. Let j(l) = l**3 + 7*l**2 + 5*l + 3. Let t(z) = -7*j(z) + 3*v(z). What is t(-6)?
-6
Suppose -o - 2*o + 18 = 0. Suppose -o*r + 14 = -4. Let i(j) be the third derivative of -j**4/24 + j**3/6 + j**2. What is i(r)?
-2
Let s(y) = y**2. Let i(n) = 2*n - 2. Let g(h) = -i(h) + s(h). Determine g(6).
26
Suppose 0 = 2*k - 2*a - 22, 3*k + 2*k + a = 25. Let w(h) = h**2 - 6*h - 5. Calculate w(k).
-5
Let m(u) = u. Suppose -y - p + 8 = 0, -2*y + 16 = -0*y - 5*p. Determine m(y).
8
Let a(t) = 2*t - 1. Suppose -6*l = -3*l - 12. Let m = l - 7. What is a(m)?
-7
Let i = -6 - 2. Let d(t) = 7*t - 3*t**3 - 7 - t**2 + 0*t**2 - t**3. Let o(b) = -11*b**3 - 4*b**2 + 20*b - 20. Let n(u) = i*d(u) + 3*o(u). What is n(-5)?
1
Let m = -24 + 19. Let z(b) = 14*b**2 - 2*b - 6. Let c(j) = 7*j**2 - 2 - j - 2*j**2 + 0*j. Let f(s) = 11*c(s) - 4*z(s). Calculate f(m).
-8
Let f(m) = -m**2 - m - 4. Let r(n) = -2*n**2 - 2*n - 7. Let o(j) = -11*f(j) + 6*r(j). What is o(-3)?
-4
Let u(a) = -a**3 + 6*a**2 + a - 3. Let m(b) = -3*b - 15. Let j be m(-7). Give u(j).
3
Suppose 5*m - 6 = 14. Suppose -2*q - 10 = -m*q. Let s(u) = -u**2 + 3*u + 7. Give s(q).
-3
Suppose 6 = 4*f + 2. Let b(t) = 6*t**2 + t - 1. Determine b(f).
6
Let t(i) = 8 - 63*i + 64*i - 20. Let g be t(14). Let c(s) = -7*s**2 - 8*s**2 + 5*s**g + s. Determine c(-1).
-11
Let a(z) = -z. Let u(j) = -j**2 - 1. Let s(f) = -2*a(f) + u(f). What is s(1)?
0
Let v(z) = -24 - 23 + 50 - 2*z**2 - 3*z. Give v(2).
-11
Let w(d) = 11 - 24 + d**2 + 12 - 3*d + 2*d. Calculate w(4).
11
Let f(j) be the third derivative of j**4/24 + j**3/3 - 2*j**2. Let w be (-1)/(-2)*(1 - 0 - -9). Determine f(w).
7
Let n(f) = f**3 + 7*f**2 + 4*f - 6. Let k be n(-6). Let m(p) = -p**2 + 6*p + 1. What is m(k)?
1
Let n(y) be the second derivative of 5*y**4/12 + 10*y**3/3 - 3*y**2 + y. Let u(z) = 2*z**2 + 7*z - 2. Let f(g) = -3*n(g) + 8*u(g). What is f(5)?
7
Let n be 2*(2*-2)/(-2). Let z(l) = -l + 3*l - 4 - 1 + 2*l. Give z(n).
11
Let b(w) = -3 - 1 + w - 2*w. Suppose 0 = 6*c - 2*c - 12. Let r be -6 + 1 + -3 + c. Give b(r).
1
Let z(c) = c**2 + 6*c + 1. Suppose -2*l + 2 = -0*l + 4*a, 3*l + 33 = 3*a. Determine z(l).
8
Let l be 8/(-16) - (-52)/8. Let z(w) = -3*w - 17. Let q(m) = 2*m + 8. Let x(j) = -5*q(j) - 3*z(j). What is x(l)?
5
Let h(i) be the second derivative of -5*i - i**2 - 1/3*i**4 + 0*i**3 + 0. Give h(2).
-18
Let f(p) be the first derivative of -8*p - 1/2*p**2 + 4. Determine f(0).
-8
Let o(r) = 38*r**2 - 14*r - 20. Let i(u) = 13*u**2 - 5*u - 7. Let s(b) = 17*i(b) - 6*o(b). Determine s(1).
-7
Let f(m) be the second derivative of m**4/12 + m**3/6 + m**2 - 10*m. What is f(-2)?
4
Suppose 4*c - 16 = -4*c. Let h(g) = -2*g**2 - 3*g + 1. Give h(c).
-13
Let x(f) = 4 - f**3 - f + 9*f**2 - 3 - 12*f**2. Suppose 3 = l - 2*k, 0*l + 5*l = -3*k + 54. Suppose -4*s + 10 = -l*s. Determine x(s).
-1
Suppose -8 = -4*o - 0*o. Let i(h) = -o*h + 0 - 3 + 4. Let p = 28 + -27. Determine i(p).
-1
Let i(o) = o**2 + o + 2. Let c be ((-6)/9)/(((-3)/(-9))/1). What is i(c)?
4
Let t(n) = -6*n - 9. Let j(d) = -5*d - 8. Let r(h) = -5*j(h) + 4*t(h). Let y = -5 - -6. Let s be (y + 0)/((-1)/5). Determine r(s).
-1
Let j(u) = u**2 - 2*u. Let v(m) = 2*m - 18. Let n be